k?
1
Let w(y) = 4*y + 10. Let z be w(9). Suppose z + 74 = 5*i. What is the tens digit of i?
2
Let h(d) = -d**3 - 6*d**2 + 5*d - 9. Let a(k) = 3*k**3 - 21*k + 24*k**2 - 3*k**3 + 36 + 5*k**3. Let v(s) = 2*a(s) + 9*h(s). What is the units digit of v(6)?
9
Suppose r + 14 = -4*d, -2*r - 64 = -2*d - 6. Let y = -7 - r. What is the units digit of y?
9
Let b(f) = 68*f. Let z be b(1). Suppose z = 4*g + 4. Let p = g - 9. What is the units digit of p?
7
What is the units digit of (24/(-30))/(2/(-685))?
4
Let u = 15 - 17. What is the tens digit of (-55)/(u/(-6)*-3)?
5
What is the tens digit of (-1044)/(-28) - (-4)/(-14)?
3
Let p = 3 + -5. Let m = p + 2. Suppose -5*n = -m - 5. What is the units digit of n?
1
Let q = 533 + -273. What is the tens digit of q?
6
Let g(j) = j**3 - j**2 - j + 1. Let m be g(2). Suppose 0 = -m*b - b + 52. What is the tens digit of b?
1
Let l be -3*3/(-9)*-3. Let i be -5 + 3 - (l + 1). Suppose i = 2*m - 3*b, -7 - 1 = -4*b. What is the units digit of m?
3
Let j = 134 + -81. What is the tens digit of j?
5
Let p(g) = -g**2 + 6*g + 8. Suppose i = -0*i + 6. What is the units digit of p(i)?
8
Let s(y) = 64*y - 15. What is the hundreds digit of s(4)?
2
Let m(k) = 2*k + 1. Let o be (-3 + 2)/(1/4). Let y be m(o). Let l = 11 + y. What is the units digit of l?
4
Let l be -1*3/(9/60). Let h = -11 - l. What is the units digit of h?
9
Let j be -1*(-2 + 2)*1. Let x = 2 + j. Suppose x*g + 0*g = 8. What is the units digit of g?
4
Suppose -3*w = w - f - 141, -4*w + 4*f + 156 = 0. What is the tens digit of w?
3
Suppose -2*h - 5*u = 2*h - 180, -3*u = 0. What is the tens digit of h?
4
Suppose 2*j = -10, 93 = -f + 3*f - j. What is the tens digit of f?
4
Suppose q + 0*h - 2 = 5*h, 2*q = 4*h + 4. What is the units digit of (q + 21/(-6))*-4?
6
Let m(t) = t**2 - t + 4. What is the tens digit of m(-3)?
1
Let x be 6/2 - (-16)/(-1). Let z = x + 18. Suppose n + z = 20. What is the units digit of n?
5
Suppose -3*w = -7*w + 164. Let p = w + -17. What is the tens digit of p?
2
Let d(l) be the first derivative of 15*l**2/2 - 3*l + 5. What is the tens digit of d(3)?
4
What is the units digit of (0 - 1)/(5885/(-735) + 8)?
7
Let c(m) = 12*m - 1. Suppose -w - 7 = -2*i - 6*w, 4*i - 3*w = 1. What is the units digit of c(i)?
1
Let q = -9 - -11. Let u(d) = 2*d**2 + q*d + 2*d**2 + 0*d**2 - 5*d**2 - 1 + 4*d**3. What is the units digit of u(1)?
4
Let v(s) = -s**2 + 6*s + 4. Let i be v(6). Suppose -i*f - 2*h = -346, 3*h - 61 - 206 = -3*f. What is the units digit of ((-3)/(-4))/(7/f)?
9
Suppose 0*y = -3*y + 60. What is the units digit of (-5)/1*(-16)/y?
4
Suppose -3*a - 3 = -12. Let d = -13 + 19. What is the units digit of (-2 + d - a)/1?
1
Let r = 152 + -66. What is the tens digit of r?
8
Let f(c) = -3*c + 1. Let b be f(-3). Suppose -q + 3*q - 8 = -s, b = -3*q + 4*s. Suppose -q = -5*o + 48. What is the units digit of o?
0
Suppose 0*a - 3*a + 33 = 0. Let z = 17 - a. Suppose -j - u = -19, 4*j = z*j + 5*u - 53. What is the tens digit of j?
1
Let y(x) = x**2 + 5*x - 5. What is the units digit of y(-9)?
1
Let b = -126 + 195. What is the tens digit of b?
6
Let f(w) = -9*w - 8. What is the tens digit of f(-8)?
6
Let g be (-4 - (-3 - -1)) + 546. What is the units digit of 6/(-4)*g/(-24)?
4
Let q = -33 - -18. Let j be (q/1)/(-3) - 0. Suppose -5*p + 5 = 0, -p - 3*p + 24 = j*h. What is the units digit of h?
4
Let h = 4 + -26. Suppose 4*l = 3*g - 139, l = -l - g - 57. Let u = h - l. What is the units digit of u?
9
Suppose 2*s + 0*s = 86. What is the units digit of s?
3
Let k be ((-3)/(-6))/(2/260). Suppose k = -5*c - 50. Let f = -12 - c. What is the tens digit of f?
1
Suppose -24 = -0*g - 3*g. Suppose p = 3*n + 11, n - g - 45 = -3*p. Suppose 3*o + d - p = -d, -5*o - d = -33. What is the units digit of o?
7
Suppose v + 0*v = 0. Suppose v = -2*u + 12 + 10. What is the units digit of (u - 1)/(8/4)?
5
Suppose 819 = -11*j + 2766. What is the units digit of j?
7
Let x(u) = -10*u + 0 - 2 + 3*u + 1. What is the units digit of x(-3)?
0
Suppose 3*a - 47 = -2*u, -2*u + 27 = a + 6. Suppose a = 5*h - 17. Let i = h - -5. What is the tens digit of i?
1
Let d(o) be the third derivative of o**6/120 - 7*o**5/60 - o**4/6 - o**3 + o**2. What is the units digit of d(8)?
6
Suppose 4*a = -k + 12, 0 = -2*k + 3*a - 8*a + 18. What is the units digit of k?
4
Suppose 43 = 3*z - 62. What is the tens digit of z?
3
Let i(l) = l**3 + 5*l**2 - 7*l - 6. Let n be i(-6). Suppose 3*v + 15 + 3 = n. What is the units digit of 4/v - 15/(-9)?
1
Let b(a) = a**2 + 5*a + 4. Suppose 2*c + 2*c = 3*r - 18, 6 = -3*r. What is the tens digit of b(c)?
1
Let n(z) = 2*z**2 + z**3 - 3*z**2 + 4*z**2 + 2. Let v = -3 - -1. What is the units digit of n(v)?
6
What is the units digit of -28*(44/(-16))/1?
7
Suppose 4 = -j + 2*p, 2*p - 5 = -j + p. Suppose -50 = 5*u - 5*c, 4*u - u + 5 = -j*c. Let k = 8 + u. What is the units digit of k?
3
Suppose -5*c + 85 = 10. What is the units digit of c?
5
Suppose 2*o + 5*c - c = 108, 4*o - 216 = 3*c. Let u = o + -14. What is the units digit of u?
0
Suppose 2*a - 5*i = -3*i - 2, 3*i - 3 = -2*a. What is the units digit of (-1 + 24)*(1 - a)?
3
Let q = -507 - -815. What is the units digit of q?
8
Suppose -o + 9 = -8. Let k = o - 4. What is the tens digit of k?
1
Suppose 3*z - 3*d - 432 = 108, 5*d = -3*z + 540. What is the units digit of z?
0
Let z(m) = m**2 - 9*m - 2. What is the tens digit of z(14)?
6
What is the units digit of (-7176)/(-27) - (25/9 + -3)?
6
Let k be (0 + -1)*(-2 - 2). Let x = 6 - k. What is the units digit of x?
2
Let w = -3 + 5. Suppose 4*v - 8 = 2*v + w*a, 5*a = -4*v - 2. Suppose v*i - 2*n = 14, 5*i + 5*n + 15 = -0. What is the units digit of i?
2
Suppose h + 6 + 11 = 3*z, 2*z - 12 = h. Suppose 86 = z*t + 6. Suppose 4*r - t = -i + 18, 0 = -3*r - i + 25. What is the units digit of r?
9
Let w = 5 + -3. Suppose w*d - 56 = -2*j, j + 5*d - 4 = 12. Suppose j + 2 = 3*z. What is the tens digit of z?
1
Let n = 18 - -14. What is the tens digit of n?
3
Let a = 22 - -14. What is the units digit of a?
6
Let g = 246 + -54. What is the tens digit of g?
9
Let p(m) = -m**3 - 9*m**2 + 9*m - 6. Let s be p(-10). What is the tens digit of (126/s)/7*8?
3
Suppose 4*m = 116 + 28. Suppose -d + 4*d - m = 0. What is the tens digit of d?
1
Let w = -2 + 4. What is the tens digit of -4*w*4/(-2)?
1
Let y(f) be the first derivative of 2*f**2 - 1. What is the units digit of y(1)?
4
Suppose -2*w - 3*w = -120. What is the tens digit of w?
2
Suppose -342 = -3*j - 3*a, 2*a = j - a - 98. What is the hundreds digit of j?
1
Let t be (1 + -2)*(5 - 6). Let i(r) = r**3 + 4*r**2 + 2*r. Let k be i(-3). Let g = k - t. What is the units digit of g?
2
Let s(r) = 3*r**2 - 12*r + 1. What is the tens digit of s(-6)?
8
Suppose -8 + 2 = -3*y. Suppose -y - 3 = -z. Suppose -u - z = -6*u. What is the units digit of u?
1
Let r(l) = l - 5. Let k be r(7). Suppose 0 = -k*i - 3*i + 10. Let t = 1 + i. What is the units digit of t?
3
Suppose 10 = 3*s - 2. Suppose s*w - 32 = 3*d, -36 + 4 = -4*w - 5*d. What is the units digit of w?
8
Suppose -4*q = -58 + 10. Suppose -2*k = k - q. Suppose a + k = o - 1, -2*o + 4*a = -12. What is the units digit of o?
4
Let v(c) = -c**3 - 13*c**2 - c + 4. What is the units digit of v(-13)?
7
Suppose 4*b = -0*b + 84. Let r = b + -11. What is the units digit of r?
0
Let i(m) = -6*m**2 - 7*m - 1. Let s(r) = 7*r**2 + 8*r + 1. Let b(o) = -4*i(o) - 3*s(o). What is the units digit of b(-3)?
6
Let c(f) be the second derivative of -f**5/20 - f**4/2 + f**3/3 - 4*f**2 - f. Let s be c(-7). Let x = s + -10. What is the tens digit of x?
1
Let t(j) = 5*j**2 - 12*j + 1. Let r be t(6). Let h = r + -76. What is the tens digit of h?
3
Let x be (0 + -26)*(-3)/6. Suppose s - g - 14 = -5, -g = s - x. What is the tens digit of s?
1
What is the tens digit of ((-17)/(-3))/(4/12)?
1
Let w(r) be the first derivative of -r**2/2 - 3*r - 1. Suppose 4*g = g - 15. What is the units digit of w(g)?
2
Let f be (-4)/(-6)*3*2. Suppose f*v - 39 = v. What is the tens digit of v?
1
Let r(s) be the first derivative of -s**3/3 - 3*s**2 + 2*s + 2. What is the units digit of r(-5)?
7
Suppose -27 = 11*w - 12*w. What is the tens digit of w?
2
Let s(j) = -4*j + 19. What is the units digit of s(-7)?
7
Let f(t) = -t**3 - 28*t**2 - 9*t + 24. What is the hundreds digit of f